{"id":1316,"date":"2017-10-16T04:10:26","date_gmt":"2017-10-16T04:10:26","guid":{"rendered":"http:\/\/ninzio.com\/bauer\/?page_id=1316"},"modified":"2020-10-31T11:49:17","modified_gmt":"2020-10-31T08:49:17","slug":"about-us","status":"publish","type":"page","link":"https:\/\/www.akbronz.com\/index.php\/about-us\/","title":{"rendered":"Hakk\u0131m\u0131zda"},"content":{"rendered":"<p>[vc_row css=&#8221;.vc_custom_1558754119849{background-image: url(http:\/\/www.akbronz.com\/wp-content\/uploads\/2019\/05\/main-bg-1.png?id=8860) !important;background-position: center !important;background-repeat: no-repeat !important;background-size: cover !important;}&#8221; el_id=&#8221;first-row&#8221;][vc_column]\r\n\t<div class=\"bauer-spacer clearfix\" data-desktop=\"94\" data-mobi=\"60\" data-smobi=\"60\"><\/div>[vc_row_inner][vc_column_inner width=&#8221;1\/2&#8243;]<div class=\"bauer-single-heading clearfix \" style=\"margin-bottom:25px;\"><span class=\"inner\"><span class=\"heading clearfix \" style=\"font-weight:600;color:#cacaca;font-size:16px;\">\r\n\t\tBizi Tan\u0131y\u0131n\r\n\t<\/span><\/span><\/div><h2 class=\"bauer-text clearfix \" style=\"font-size:42px;line-height:50px;margin-bottom:32px;\"><p><span class=\"font-weight-300\">Uluslar aras\u0131 kalite ve g\u00fcvence ile <\/span>Sizlere hizmet etmekden gurur duyuyoruz<\/p>\n<\/h2><div class=\"bauer-text clearfix \" style=\"font-size:18px;line-height:30px;color:#414042;margin-bottom:34px;\"><p><span>Akbronz h\u0131rdavat 1997 y\u0131l\u0131nda 45 \u00e7al\u0131\u015fan\u0131 ile Osman\u00a0Kavuncu Sanayi Sitesinde 800metrekare kapal\u0131 alanda \u00c7elik Kap\u0131 Aksesuar\u0131 imalat\u0131na\u00a0 ba\u015flam\u0131\u015ft\u0131r.<\/span><\/p>\n<\/div><div class=\"bauer-text clearfix \" style=\"\"><p><span>2012 y\u0131l\u0131nda Organize Sanayi B\u00f6lgesinde 10.000 metrekare a\u00e7\u0131k alan olup bunun 5000 mertrekaresi kapal\u0131 alan binam\u0131zda profesyonel ekiple H\u0131rdavat ve kap\u0131 sekt\u00f6r\u00fcnde sat\u0131\u015f ve pazarlamas\u0131n\u0131 yaparak, sanayi alan\u0131nda en \u00fcst s\u0131ralarda yerini alm\u0131\u015ft\u0131r.<\/span><br \/>\n<span>\u00a0\u00a0\u00a0\u00a0\u00a0<\/span><\/p>\n<p><span>Akbronz h\u0131rdavat yurti\u00e7i ve yurtd\u0131\u015f\u0131\u00a0\u00a0kap\u0131 pazar\u0131nda profesyonel\u00a0kadromuzla b\u00fcy\u00fcrken son teknoloji \u00fcr\u00fcnlerini ve sekt\u00f6r\u00fcn \u00e7izgisini takip ettik, ithal etti\u011fimiz \u00fcr\u00fcnlerin bizimle birlikte markala\u015fmas\u0131na \u015fahit olduk.Uluslararas\u0131 kalite g\u00fcvence sertifikal\u0131 \u00fcr\u00fcnlerle hizmet sunmaktay\u0131z.<\/span><\/p>\n<\/div>\r\n\t<div class=\"bauer-spacer clearfix\" data-desktop=\"60\" data-mobi=\"30\" data-smobi=\"30\"><\/div>[\/vc_column_inner][vc_column_inner width=&#8221;1\/2&#8243;]\r\n\t<div class=\"bauer-spacer clearfix\" data-desktop=\"55\" data-mobi=\"40\" data-smobi=\"40\"><\/div><div class=\"bauer-simple-image text-center\" style=\"\" >\r\n\t\t\t<img alt=\"image\" src=\"https:\/\/www.akbronz.com\/wp-content\/uploads\/2020\/10\/hakkimizda.png\" \/> \r\n\t\t<\/div>[\/vc_column_inner][\/vc_row_inner]\r\n\t<div class=\"bauer-spacer clearfix\" data-desktop=\"100\" data-mobi=\"60\" data-smobi=\"60\"><\/div>[\/vc_column][\/vc_row]<\/p>\n","protected":false},"excerpt":{"rendered":"<p>[vc_row css=&#8221;.vc_custom_1558754119849{background-image: url(http:\/\/www.akbronz.com\/wp-content\/uploads\/2019\/05\/main-bg-1.png?id=8860) !important;background-position: center !important;background-repeat: no-repeat !important;background-size: cover !important;}&#8221; el_id=&#8221;first-row&#8221;][vc_column][vc_row_inner][vc_column_inner width=&#8221;1\/2&#8243;][\/vc_column_inner][vc_column_inner width=&#8221;1\/2&#8243;][\/vc_column_inner][\/vc_row_inner][\/vc_column][\/vc_row]<\/p>\n","protected":false},"author":1,"featured_media":0,"parent":0,"menu_order":0,"comment_status":"closed","ping_status":"closed","template":"","meta":[],"_links":{"self":[{"href":"https:\/\/www.akbronz.com\/index.php\/wp-json\/wp\/v2\/pages\/1316"}],"collection":[{"href":"https:\/\/www.akbronz.com\/index.php\/wp-json\/wp\/v2\/pages"}],"about":[{"href":"https:\/\/www.akbronz.com\/index.php\/wp-json\/wp\/v2\/types\/page"}],"author":[{"embeddable":true,"href":"https:\/\/www.akbronz.com\/index.php\/wp-json\/wp\/v2\/users\/1"}],"replies":[{"embeddable":true,"href":"https:\/\/www.akbronz.com\/index.php\/wp-json\/wp\/v2\/comments?post=1316"}],"version-history":[{"count":7,"href":"https:\/\/www.akbronz.com\/index.php\/wp-json\/wp\/v2\/pages\/1316\/revisions"}],"predecessor-version":[{"id":9335,"href":"https:\/\/www.akbronz.com\/index.php\/wp-json\/wp\/v2\/pages\/1316\/revisions\/9335"}],"wp:attachment":[{"href":"https:\/\/www.akbronz.com\/index.php\/wp-json\/wp\/v2\/media?parent=1316"}],"curies":[{"name":"wp","href":"https:\/\/api.w.org\/{rel}","templated":true}]}}